. Let m(a) = a**3 - 10*a**2 - 4*a. Let c(t) = -5*b(t) + 6*m(t). Calculate c(6).
12
Let g(j) = j**2 - 5*j + 3. Suppose 9 = 3*o - 6. Determine g(o).
3
Let a(n) be the first derivative of 0*n**2 + 1/24*n**4 - 2 + 1/30*n**5 - 1/360*n**6 - 2/3*n**3 + 0*n. Let h(k) be the third derivative of a(k). Determine h(3).
4
Let n(g) be the third derivative of -g**6/24 + g**5/60 + g**4/24 + g**3/6 - 8*g**2. Calculate n(-1).
6
Let o(l) = -2*l**3 + l**2 - l. Let b(t) = -4*t**3 + 3*t**2 - 3*t + 1. Let i(c) = -3*b(c) + 5*o(c). Determine i(2).
5
Let w(m) be the first derivative of 5*m**3/3 + m**2 + 2*m - 3. Let u(i) = -36*i**2 - 15*i - 15. Let z(p) = -2*u(p) - 15*w(p). Calculate z(-2).
-12
Let c(i) = i + 2. Let t be c(-7). Let h(y) = -y + 6. Determine h(t).
11
Let g(c) = -4*c + 15. Suppose -3*v + 4 = 19. Let s(y) = 6*y - 23. Let m(i) = v*s(i) - 8*g(i). Give m(5).
5
Let h(g) be the first derivative of -3*g**2/2 + 3*g + 2. Suppose 5*t - 32 = -4*b, 3*b + 1 = 4*t - 2*b. Let v = 6 - t. Determine h(v).
-3
Suppose 2*u = -11 + 49. Suppose 5*w + u + 6 = 0. Let t(l) = 2 + l**3 + 6*l**2 - 7 + 2 + 6*l. Determine t(w).
-8
Suppose 0 = 2*k - 4*k + 2. Suppose 4*n - k = -i + 4*i, 2*i - 10 = 0. Let f(q) = q**2 - 2*q - 2. Calculate f(n).
6
Let d(p) = 5*p**2 + p + 2. Let s(k) = 14*k**2 + 3*k + 5. Let a(i) = -8*d(i) + 3*s(i). What is a(-3)?
14
Let l(f) = 4*f**3 - 7*f**2 + 5*f + 7. Let s(c) = -c**3 + c**2 - c - 1. Let k(p) = l(p) + 6*s(p). Determine k(1).
-3
Let r(x) = -4*x**2 - 1. Let n(t) = t**3 - t**2 + t. Let m(y) = -n(y) + r(y). Calculate m(-3).
2
Let s(w) = -w**3 + 6*w**2 - 4*w - 3. Let n be 6 + (-3 + 1)*-1. Suppose -7 = -5*i + 8. Let f = n - i. What is s(f)?
2
Let n(h) = h**3 - 7*h**2 + h - 2. Let q be n(7). Suppose q*z - 25 = -5*b, -6 = -3*b - 4*z + 12. Let k(d) = -d**b + 5*d - 2*d**2 - d**2 - d**3 + 4. Give k(-5).
4
Let q(k) = -k + 43*k**2 + 8 + 10*k - 42*k**2. Calculate q(-8).
0
Let p(t) = t**2 + 3*t - 4. Let v be (2 - 1)/(3/(-18)). Let b = v - -2. Give p(b).
0
Let y = 1 - -1. Let a = 7 - 4. Suppose 10 = a*p - y. Let j(z) = z - 5. Calculate j(p).
-1
Let n(d) = 6*d**2 + 1 - 4*d**2 - d - 3*d**2. Let i(f) = 4*f**2 + 3*f - 2. Let w(j) = i(j) + 5*n(j). What is w(-4)?
-5
Let r(f) = -f - 3. Let w be r(-6). Suppose w = 3*d - 9. Let i = -7 + d. Let o(q) = -2*q + 1. Calculate o(i).
7
Let t(r) = 6*r**2 - 10*r + 1. Let h(u) = u**2 - u. Let p(z) = -5*h(z) + t(z). Let f = 4 + 1. Give p(f).
1
Let g(o) = -o**3 + 5*o**2 + 6*o - 1. Let p = -32 + 38. Give g(p).
-1
Let d(l) be the second derivative of l**4/12 - l**3/6 - l**2/2 - 5*l. Let c(p) = p**3 - p**2 - 3*p - 6. Let s(w) = -c(w) + 3*d(w). Determine s(4).
3
Let s(z) = 2*z**2 - 4*z - 4. Let p(i) be the second derivative of -i**3/6 - i**2/2 - i. Let q(t) = 6*p(t) - s(t). Let f(a) = 4*a - 14. Let b be f(3). Give q(b).
-6
Let a(t) = 3*t**3 - t**2 + t. Suppose 2*m - 15 = 5*f, 0*f = -3*f - 3. Let n be (-8)/m - (-2)/(-5). Let k = n - -3. What is a(k)?
3
Let j(w) = -1. Let t(f) = 15*f**2 - f + 4. Let y(m) = 4*j(m) + t(m). What is y(-1)?
16
Let q(w) be the third derivative of w**6/120 + 7*w**5/60 - w**4/3 - 3*w**3/2 + 26*w**2. Determine q(-8).
-9
Let q = -1487/12 + 124. Let r(t) be the second derivative of 0*t**3 + 0 - q*t**4 + t**2 - 4*t + 1/20*t**5. Determine r(0).
2
Let k(c) = c**2 + 14*c + 13. Let h(o) = o**2 + 15*o + 14. Let u(t) = 6*h(t) - 7*k(t). Give u(-6).
5
Let f(m) = m + 1. Let h be f(1). Suppose 0*d + 1 = -d. Let p(g) = 3*g - 2. Let q(u) = -u + 1. Let i(s) = d*p(s) - 4*q(s). Calculate i(h).
0
Let y(b) = 5*b - 3. Let k(s) = -14*s + 8. Let m(t) = -4*k(t) - 11*y(t). Give m(2).
3
Let g = -23 + 23. Let u(c) = -c**2 + c + 3. What is u(g)?
3
Suppose -10*q = -14*q + 16, -2*k - 14 = -q. Let w(c) = -2 - 1 - 4 - c. Give w(k).
-2
Let x be 4/(-22) + (-668)/(-44). Let o = x + -10. Suppose 19 = -q - o*f, 2*f - 1 = -9. Let i(l) = -6*l**2 + 1. Give i(q).
-5
Let u(s) be the third derivative of -s**5/60 + s**4/6 + 7*s**3/6 + s**2. Suppose -20*r + 15*r = -25. Determine u(r).
2
Let r(f) = f + 2. Suppose -4*c + 3*c = 2*p - 3, 5*p - 35 = 3*c. Suppose 2*q + 6 = -p. Let b(g) = g + 2. Let m(j) = q*b(j) + 6*r(j). Give m(-5).
-3
Suppose -31 = 8*s - 79. Let v(p) be the first derivative of 2*p**2 + 11*p - 1. Let d(w) = -9*w - 23. Let f(g) = 6*d(g) + 13*v(g). Determine f(s).
-7
Let s(o) = o**3 - 5*o**2 + 3*o + 3. Let x be (-30)/(-7) - (-4)/(-14). Suppose 4*l - 5 + 17 = 2*d, -x*d - 3*l = -13. What is s(d)?
-1
Let w(j) = j**2 - 7*j + 4. Let f be (-5)/(3/(-4 - -1)). What is w(f)?
-6
Let r = 5 + -3. Suppose -4 = -2*i + z, i - r*z = -0*z + 2. Let p(l) = 0*l + 2*l - 7 + 4 - i*l**3 + 2*l**2. Give p(2).
-7
Let p(u) = -10*u + 5*u + 4*u + 5. Let f(j) = -j - 1. Let h(w) = 4*f(w) + p(w). Give h(-1).
6
Let n(r) = -r**2 + r - 7. Let h(i) = i**2 - 2*i + 6. Let p(s) = 3*h(s) + 2*n(s). Let b be (12 - 13)/(1/(-4)). Calculate p(b).
4
Let y(i) be the first derivative of 0*i**2 - 4 - 4*i + 1/3*i**3. Calculate y(4).
12
Let y(i) = i + 17. Let r = -86 + 79. Calculate y(r).
10
Suppose 4 + 4 = -5*w + 4*k, 2*k = -3*w + 4. Let a be w/((-3 - -2) + 0). Suppose b + 1 = -a*b. Let i(p) = 3*p. Determine i(b).
-3
Let m(h) = -6 + 3 - 3 - h. Calculate m(0).
-6
Let w(u) = 3*u**2 - u + 2. Let i(d) = 10*d**2 - 2*d + 6. Let v(l) = 2*i(l) - 7*w(l). Determine v(2).
0
Let g be (1 - 9/3) + 4. Suppose -g*l + 1 = 13. Let v(i) = -i**2 - 8*i - 9. What is v(l)?
3
Suppose 9 + 60 = 3*j. Let a(n) = -1 + j*n - n**2 - n**3 - 23*n. Let l(m) = m**3 + 2*m**2 - m - 2. Let i be l(-2). What is a(i)?
-1
Let c be (-48)/(-14) - 6/14. Let s(u) = u + c - 3*u - u**2 - 2 + u. Give s(-3).
-5
Let b(h) = -7*h**2 - 3. Let z(l) = 3*l**2 + 2. Let t(i) = -2*b(i) - 5*z(i). Give t(0).
-4
Let v = -4 - -5. Let k(y) = 4*y - 1. Let s be k(v). Let c = 0 - s. Let f(b) = b**2 + 5*b - 4. Determine f(c).
-10
Let l(v) = v**3 + 5*v**2 - 6*v + 8. Let m(q) = q - 10. Let o be m(4). Calculate l(o).
8
Let d(x) = -4*x**2 - 2*x + 1. Suppose -3 = -5*i + 2. What is d(i)?
-5
Let f(n) = -2*n**2 + 1. Let i(a) = -3*a**2 - 5*a - 6. Let x(m) = f(m) - i(m). Give x(-5).
7
Let d(o) = o**2 - o + 1. Let y(m) = -24*m**2 + 15*m - 15. Let t(l) = -15*d(l) - y(l). Calculate t(-1).
9
Let k(m) be the first derivative of 3*m**2 + 2*m - 26. What is k(4)?
26
Let d(i) = 4*i + i - 2*i**2 - i**2 + 2*i**2 + 3. Determine d(6).
-3
Let j be 6 - ((0 - 0) + 1). Suppose 4 = v + v. Let l(d) = -d**v + 11*d + 0 - 5 - 6*d. Determine l(j).
-5
Let y be 1/(-5)*(-40)/48. Let i(m) be the second derivative of m**2 + 2*m + 0 + y*m**3. Determine i(4).
6
Suppose -s = -3*s + 18. Let c(b) = b + 5. Let d be c(-9). Let t = s + d. Let h(a) = -a**3 + 4*a**2 + 4*a + 2. What is h(t)?
-3
Let z(g) = -3*g**2 - 6*g - 3. Let c(p) = -4*p**2 - 5*p - 3. Let u(f) = 2*c(f) - 3*z(f). Suppose -31*s - 44 = 111. What is u(s)?
-12
Let j be 1 + -1 - (-3 + 1). Let t(f) be the first derivative of 2*f**2 - 3*f - 182. Determine t(j).
5
Let o(j) = 0 + 0*j**2 - 1 - j**2 - 5 - 6*j. Determine o(-4).
2
Let q(u) be the first derivative of -u**2/2 + 4*u - 8. Let g(m) = -3*m + 12. Suppose -3 = y + 4. Let v(p) = y*q(p) + 2*g(p). Determine v(4).
0
Let n = 17 - 24. Let p(h) = 2*h + 10. Let s(q) = q + 1. Let g(k) = -p(k) + s(k). Calculate g(n).
-2
Let d(g) = g + 3. Let h = -5 + 2. Let r(c) = -2*c + 1. Let q be r(2). Let n = q - h. What is d(n)?
3
Let i(f) = -f**3 - 2*f**2 - 2. Suppose -2*l - 4 = 2*l, 2 = 2*a - 4*l. Let h = a - 1. What is i(h)?
-2
Let z(u) = u - 2. Suppose 9 - 5 = 2*q. Calculate z(q).
0
Let p(f) = -f**2 + 17*f + 6. Let t be p(17). Let s(z) = z - 1. Determine s(t).
5
Let m(h) = -4*h - 1. Let o be 1 - (0/(-2) - -1). Let w = -22 - -24. Suppose o = w*f + 1 - 3. Calculate m(f).
-5
Let n(z) = -2*z - 6*z - z + 1 + z**2. Calculate n(6).
-17
Let w(o) = -o + 79 - o**3 - 80 - 5*o - 6*o**2. Determine w(-5).
4
Let a(x) be the second derivative of x**5/20 + 7*x**4/12 - 3*x**3/2 - 3*x**2 + 14*x. What is a(-8)?
2
Let t(b) = -b**3 - 4*b**2 - 3*b - 4. Let j(q) = 2*q**3 - 3*q**2 + q. Let f be j(2). Suppose 5*o - 16 = -f. Let p be (6/(-4) - 0)*o. Give t(p).
-4
Let o(d) be the first derivative of -d - 2 + 0*d**2 - 1/6*d**3 - 5/12*d**4. Let c(x) be the first derivative of o(x). Give c(1).
-6
Let m(g) = 2 + 3 + 4*g**2 + 2*g - 3*g**2 - 8. Determine m(3).
12
Let s(z) = 2*z**3 - 2*z**2 + 2*z - 3. Let m be (-7)/(21/(-9)) - 1. Give s(m).
9
Let t(g) = 2*